11 - 289, 0 = -g*o + c + 604. Is o composite?
True
Let r be (-527)/(-85) + -6 + (-334512)/10. Let v = -18014 - r. Is v a composite number?
True
Let b(w) = -w**2 + 31*w + 76. Let a be b(33). Is ((-1430)/a - -4)/(3/(-201)) prime?
False
Let c(x) = 424*x**2 - 29*x - 80. Suppose 0 = -3*q + 5*r + 5 - 19, -4*q + 4*r = 16. Is c(q) composite?
False
Let p(k) = 6*k**3 + 16*k**2 + k + 746. Is p(23) prime?
False
Let c(s) = -332*s + 3. Suppose -4*p + 5 + 63 = 0. Suppose p - 16 = -o. Is c(o) a prime number?
False
Let f = 24446 + -15022. Suppose -5*t + 451 = -f. Suppose -a - 2*k - 790 = -3*a, 0 = 5*a - k - t. Is a a prime number?
False
Let v be -3 + 1/(5/26845). Suppose v + 925 = -w. Is w/(-15) - 2/5 composite?
False
Let h(l) = -l**2 - 7*l + 20. Let k be h(-9). Let t be k/(-17) - (-8)/68. Suppose t = -6*w + 8*w - 634. Is w composite?
False
Suppose h - 26 = 4*r, -3*r - 25 = 2*r. Suppose 3*p = -h - 6. Is (-3 - -4) + p/(-12)*4359 composite?
True
Let u = -2263 + 4245. Suppose 0 = -3*x + n + 1301, -5*n - 693 = 3*x - u. Is x + 20 - (0 - -2) prime?
False
Let k(d) = 129229*d**2 - 104*d - 107. Is k(-1) a composite number?
True
Let d = -78870 + 118969. Is d composite?
False
Suppose 3*o - 2*n = 60347 + 146634, -4*o - 4*n + 275968 = 0. Is o prime?
True
Is -276314*(-16)/(-12)*(-6)/16 a prime number?
True
Let s(n) = 5894*n - 1637. Is s(17) a prime number?
True
Let k(i) = -i**3 + 9*i**2 + 14*i - 25. Let u be k(10). Let c = 21 + u. Suppose 2*d = -4*x - c + 282, d - 108 = x. Is d composite?
False
Suppose 0 = -177*t + 82014550 + 221482571. Is t a composite number?
True
Suppose -5*z = -4*w + 36883, w - 2*z = -7*z + 9227. Let d = w + -4319. Is d a composite number?
False
Suppose x - 2977 + 591 = k, 11958 = 5*x + 2*k. Suppose 2*q + 5*r - 937 = 0, 6*q = q - 3*r + x. Suppose -189 = -5*g + q. Is g prime?
False
Let j be 1/4 - (-5332419)/(-108). Is (15/(-6))/(-8 + j/(-6172)) composite?
True
Is (1983819/46)/(-1*(-3)/6*1) prime?
False
Let z = 56 - 51. Let g = 38 - z. Is g a prime number?
False
Let r = 7814 + -2764. Let d = r + -2573. Is d a composite number?
False
Let u(x) = -377554*x + 517. Is u(-1) prime?
True
Let d be 18/24*8/6. Let i be d*3 - ((8 - 4) + -380). Let k = i - 122. Is k a prime number?
True
Let n(t) = -3*t**3 + 6*t**2 - 4. Let f be n(2). Is (36/f - -1) + 487 a composite number?
False
Let a = 361 - 373. Is ((-2991)/a)/((-7)/(-84)) composite?
True
Let q(f) = f**2 - 7*f + 14. Let r be q(4). Suppose 2*o = -r*l + 5*o + 3, -o - 1 = 4*l. Suppose g + 32 - 297 = l. Is g prime?
False
Suppose 0 = 27*j - 28*j + 7. Suppose -4*i + 0*p + p + 2675 = 0, -i + 3*p + 677 = 0. Suppose -j*r - i = -11*r. Is r prime?
True
Suppose -49*h + 40*h + 36 = 0. Suppose -2*l = 5*g - 655, h*g + g = -5*l + 640. Is g prime?
False
Suppose 3*y - 15289 = -4*z + 9*z, 0 = -3*z - 4*y - 9156. Let u = -723 - z. Is u prime?
True
Let l = -149550 + 105681. Is 2/(-8)*-1 - l/28 a composite number?
False
Let d = 1825839 - 1215338. Is d composite?
False
Suppose -14 = -2*l - 2*y - 0, 0 = 5*l + y - 15. Suppose -b + l*b + 97598 = 5*a, 4*b = -a + 19507. Is a a composite number?
True
Let c(p) = -260*p + 3550*p + 138 - 317 + 134. Is c(2) composite?
True
Suppose p - 249969 - 32448 = -4*s, 282381 = p - 5*s. Is p a composite number?
True
Is ((-8)/6 + 1)*(299 + -226058) composite?
False
Let o = -65 - -296. Suppose -6*k + 183 = -o. Is k prime?
False
Suppose 44 = 5*j + 5*z + 24, 5*z = -j. Suppose 5*i + 182 = -l + 5389, 20 = -j*i. Is l a composite number?
False
Suppose 5*r + 5*q + 2710 = 0, 2*r - 1555*q + 1560*q + 1099 = 0. Suppose -2*m = -3*m + 1060. Let w = m + r. Is w prime?
True
Let t = -219 - -227. Suppose -6*w - 422 = -t*w. Is w composite?
False
Let c(o) = -5*o - 39. Let s(v) = v + 10. Let q(t) = 2*c(t) + 9*s(t). Let m be q(7). Suppose f - 899 = -m*j, -j + 2663 = 3*f - 3*j. Is f a composite number?
True
Suppose 2093 = -3*n - 9649. Let v = n - -6923. Suppose 3*z + v = w + z, 5*w - 15090 = z. Is w prime?
True
Let w(z) = 1126*z - 7. Let l = -66 + 71. Suppose 3*q = -l*f - 12 - 2, -6 = -5*q - f. Is w(q) a prime number?
False
Let m = 46 - 41. Suppose m*z - 4 = 2*r, 2*r = -2*r - 8. Is (-20)/(-5) + z + (-33)/(-1) composite?
False
Let t be 69813/4 - 3/12. Let r = 29376 - t. Is r a prime number?
True
Let q(d) = d**2 + 8*d - 3. Let a be q(-9). Suppose a*i + 3 = -57. Let t = 61 + i. Is t a prime number?
False
Suppose -6*l - 6896 = 2*l. Let s = l - -1713. Is s a prime number?
False
Let h be (1/2)/(4 + 429/(-108)). Suppose -3538 = -20*u + h*u. Is u prime?
False
Suppose 5*v = -2*v + 14. Suppose k + v*k - 9552 = 0. Suppose 0 = -7*n - k + 12711. Is n prime?
True
Suppose 8 = -5*i + 6*i. Suppose i*m = 3*m + 3*x + 4970, 4*m - 4*x = 3968. Let k = m + -528. Is k composite?
True
Let z(f) = -12*f**2 + 12*f + 89. Let d(g) = -6*g**2 + 6*g + 45. Let p(x) = 7*d(x) - 4*z(x). Is p(-23) composite?
False
Suppose 0 = 2*c - 4*k + 5*k - 6, 2*c + 4*k - 12 = 0. Suppose 0 = -2*h - c*q + 704, -10*h - 703 = -12*h - 3*q. Is h a composite number?
False
Let r(z) = -73815*z**3 + 19*z**2 + 22*z + 5. Is r(-1) composite?
True
Let t be ((-24)/28)/((-80)/35 - -2). Suppose 0 = v - 3*f - 124, t*v - f - 378 = 2*f. Is v a prime number?
True
Let y = 404725 + -226436. Is y prime?
True
Is (1382980 - -96)*2/8 prime?
True
Suppose -d + 7 = -g, 110*g - 109*g + 31 = 5*d. Suppose 5*c - 122031 = 4*y, d*c + 2*y - 48816 = 4*c. Is c composite?
False
Let f = 4316 - 1363. Suppose 9*a - 14284 = -f. Is a a prime number?
True
Let a be (((-2)/4)/1)/((-10)/32120). Suppose y - 8*o + 9*o = 793, 2*y - 3*o = a. Is y a prime number?
True
Let p(j) = 22*j**3 - 38*j**2 + 3*j + 12. Let w be p(-6). Let m = 20527 + w. Is m prime?
True
Suppose -5293*m + 5280*m + 827723 = 0. Is m a composite number?
False
Let n = 70 - 118. Let i = n - -40. Is 1760 - 2*2/(i - -4) composite?
True
Let h(l) = 32*l - 39. Let x(i) = 1. Let y(t) = h(t) + 2*x(t). Let q(p) = p**2 - 4. Let s be q(5). Is y(s) a composite number?
True
Let d be ((-5322)/10)/(30/(-50)). Suppose -8*w = -v - 12*w + d, -5*v = 2*w - 4525. Is v a composite number?
False
Suppose 11*r = 8*r + 12. Suppose -5*y = r*s - 854, -625 = -3*s + 7*y - 3*y. Is s prime?
True
Suppose -15*t = -2*t - 500370. Suppose -3*w + 46253 = d, -4*w + 5*d = -23206 - t. Is w composite?
True
Suppose -4*v = -38713 + 5437. Is (-2 + (-44)/6)*v/(-188) composite?
True
Let y = -3005 + 496. Let j(b) = 434*b + 34. Let c be j(-4). Let a = c - y. Is a composite?
True
Let t(o) = 2*o**3 + 6*o**2 - 3*o - 12. Let d be t(11). Let v = d + -1700. Is v a composite number?
True
Let i be (-24)/(-10) - (18/15)/(-2). Suppose -c + 2*w = -7, -8*c = -i*c - w - 44. Suppose c*l = 5*l + 21740. Is l prime?
False
Suppose 4*i - 24162 = -5*k + 62778, i = k + 21726. Suppose 4*f + 2*v + i = 8*f, 2*v = 2*f - 10864. Is f prime?
False
Let g(u) = -2*u**3 - 7*u**2 + 81*u - 229. Is g(-23) a composite number?
False
Let i be 753 - 16/12*3. Let t = i - -597. Is t prime?
False
Let r = 58 - 50. Suppose 2820 = -r*j + 12*j. Suppose 0 = n - d - j, n + d = -0*d + 709. Is n composite?
True
Suppose -r = -5, 3*q - 5*r = 2*q + 10001. Let a = -14086 + q. Let k = -2517 - a. Is k prime?
True
Suppose 43*o = 377122 - 27962. Suppose 8*g = 4*g. Suppose g = -3*l - 0*j - j + o, -3*l + 5*j = -8126. Is l composite?
False
Let g(u) = -14*u - 423. Let r be g(-30). Suppose 2*d + 2 = 4. Is (d - 261/r) + -2 composite?
True
Let x be 2/7 - 47/(-14)*2. Let d(k) = -x*k - 10 + 41*k**2 - 4 + 4*k**2 - k. Is d(-5) a prime number?
True
Let c = 19277 - 11074. Suppose -1810 - c = -4*r - i, r = 2*i + 2501. Is r composite?
False
Suppose 1000*d - 952*d = 10302576. Is d a composite number?
True
Suppose 0 = -196*l - 205*l + 656471887. Is l a composite number?
False
Let s(i) = 14147*i - 1922. Is s(5) a prime number?
True
Let y be 70/18 - (70/(-63) - -1). Is (2 - y)*(10434/(-12) + -3) a prime number?
False
Let k(b) = -411*b**3 - 3*b**2 + 6*b + 1. Let g(t) = -411*t**3 - 2*t**2 + 5*t + 3. Let d(o) = 2*g(o) - 3*k(o). Is d(2) a prime number?
False
Suppose -13*b + 210 = 22*b. Is (24508/132)/(2/b) prime?
True
Let k = -49 - -74. Suppose -k = -l - 3*v + 276, 891 = 3*l - 3*v. Is l composite?
True
Suppose -5*r - 4*z + 131600 = -222879, -3*r = 4*z - 212697. Is r a prime number?
True
Suppose -9*o = -13*o + 48. Let g be 7 + 4/(o/(-9)). Suppose -4*r = 4*k - 2232, 639 = g*r + 3*k - 1592. Is